 3661?
6
What is the thousands digit of 15156?
5
What is the tens digit of 3853?
5
What is the hundreds digit of 3419?
4
What is the hundreds digit of 29718?
7
What is the units digit of 2810?
0
What is the units digit of 1650?
0
What is the units digit of 1242?
2
What is the units digit of 3254?
4
What is the ten thousands digit of 11997?
1
What is the thousands digit of 2161?
2
What is the units digit of 79?
9
What is the hundreds digit of 4350?
3
What is the units digit of 3818?
8
What is the units digit of 1583?
3
What is the ten thousands digit of 55326?
5
What is the thousands digit of 36830?
6
What is the ten thousands digit of 59868?
5
What is the units digit of 71?
1
What is the tens digit of 18341?
4
What is the tens digit of 532?
3
What is the units digit of 16194?
4
What is the hundreds digit of 2147?
1
What is the tens digit of 73?
7
What is the thousands digit of 131364?
1
What is the hundreds digit of 552?
5
What is the thousands digit of 5112?
5
What is the hundreds digit of 889?
8
What is the units digit of 5?
5
What is the units digit of 7398?
8
What is the ten thousands digit of 13081?
1
What is the tens digit of 5946?
4
What is the hundreds digit of 82735?
7
What is the tens digit of 154?
5
What is the tens digit of 85999?
9
What is the tens digit of 65147?
4
What is the thousands digit of 112290?
2
What is the units digit of 336?
6
What is the ten thousands digit of 43266?
4
What is the units digit of 16486?
6
What is the ten thousands digit of 44695?
4
What is the thousands digit of 62853?
2
What is the units digit of 51673?
3
What is the tens digit of 6034?
3
What is the thousands digit of 13650?
3
What is the units digit of 6641?
1
What is the ten thousands digit of 58742?
5
What is the hundreds digit of 193?
1
What is the tens digit of 341?
4
What is the units digit of 442?
2
What is the tens digit of 11102?
0
What is the thousands digit of 4492?
4
What is the ten thousands digit of 16464?
1
What is the tens digit of 295?
9
What is the thousands digit of 9009?
9
What is the tens digit of 248?
4
What is the hundreds digit of 460?
4
What is the thousands digit of 10998?
0
What is the hundreds digit of 19616?
6
What is the thousands digit of 2452?
2
What is the thousands digit of 3120?
3
What is the tens digit of 27609?
0
What is the tens digit of 56956?
5
What is the units digit of 934?
4
What is the hundreds digit of 1165?
1
What is the units digit of 1666?
6
What is the tens digit of 1731?
3
What is the tens digit of 11786?
8
What is the units digit of 19782?
2
What is the hundreds digit of 5859?
8
What is the units digit of 1818?
8
What is the tens digit of 78?
7
What is the units digit of 691?
1
What is the hundreds digit of 603?
6
What is the hundreds digit of 634?
6
What is the thousands digit of 13888?
3
What is the tens digit of 2860?
6
What is the tens digit of 10408?
0
What is the units digit of 2326?
6
What is the thousands digit of 66820?
6
What is the tens digit of 164?
6
What is the units digit of 223?
3
What is the hundreds digit of 254?
2
What is the tens digit of 359?
5
What is the tens digit of 2510?
1
What is the tens digit of 34377?
7
What is the units digit of 941?
1
What is the hundreds digit of 3381?
3
What is the tens digit of 522?
2
What is the tens digit of 22983?
8
What is the hundreds digit of 38600?
6
What is the units digit of 1120?
0
What is the hundreds digit of 55387?
3
What is the hundreds digit of 761?
7
What is the thousands digit of 1908?
1
What is the ten thousands digit of 42033?
4
What is the ten thousands digit of 19423?
1
What is the hundreds digit of 1309?
3
What is the hundreds digit of 2954?
9
What is the tens digit of 1013?
1
What is the hundreds digit of 1858?
8
What is the hundreds digit of 1405?
4
What is the thousands digit of 1005?
1
What is the hundreds digit of 79921?
9
What is the hundreds digit of 13823?
8
What is the tens digit of 815?
1
What is the ten thousands digit of 25015?
2
What is the hundreds digit of 23425?
4
What is the thousands digit of 5176?
5
What is the tens digit of 74417?
1
What is the hundreds digit of 1957?
9
What is the thousands digit of 21389?
1
What is the tens digit of 71?
7
What is the units digit of 30220?
0
What is the thousands digit of 38012?
8
What is the tens digit of 1170?
7
What is the tens digit of 568?
6
What is the thousands digit of 2634?
2
What is the thousands digit of 2010?
2
What is the ten thousands digit of 13650?
1
What is the units digit of 4309?
9
What is the thousands digit of 7763?
7
What is the units digit of 7796?
6
What is the units digit of 7631?
1
What is the tens digit of 62?
6
What is the units digit of 15369?
9
What is the units digit of 411?
1
What is the tens digit of 43974?
7
What is the units digit of 77158?
8
What is the tens digit of 185?
8
What is the hundreds digit of 58686?
6
What is the units digit of 1331?
1
What is the hundreds digit of 1646?
6
What is the thousands digit of 5290?
5
What is the ten thousands digit of 68439?
6
What is the thousands digit of 8680?
8
What is the tens digit of 10169?
6
What is the units digit of 1865?
5
What is the hundreds digit of 2980?
9
What is the thousands digit of 2018?
2
What is the thousands digit of 32586?
2
What is the thousands digit of 4939?
4
What is the thousands digit of 9538?
9
What is the units digit of 657?
7
What is the thousands digit of 32514?
2
What is the tens digit of 1205?
0
What is the hundreds digit of 4639?
6
What is the units digit of 610?
0
What is the thousands digit of 3271?
3
What is the ten thousands digit of 12250?
1
What is the hundreds digit of 8420?
4
What is the tens digit of 5046?
4
What is the units digit of 4043?
3
What is the hundreds digit of 73276?
2
What is the tens digit of 2382?
8
What is the units digit of 11837?
7
What is the tens digit of 1880?
8
What is the units digit of 587?
7
What is the units digit of 11948?
8
What is the hundreds digit of 87707?
7
What is the tens digit of 6805?
0
What is the hundreds digit of 14133?
1
What is the hundreds digit of 2131?
1
What is the thousands digit of 23569?
3
What is the units digit of 5572?
2
What is the tens digit of 49651?
5
What is the units digit of 1774?
4
What is the units digit of 960?
0
What is the units digit of 630?
0
What is the tens digit of 18334?
3
What is the units digit of 2075?
5
What is the tens digit of 3504?
0
What is the units digit of 26237?
7
What is the tens digit of 9595?
9
What is the hundreds digit of 20639?
6
What is the hundreds digit of 2503?
5
What is the ten thousands digit of 73182?
7
What is the units digit of 2713?
3
What is the tens digit of 935?
3
What is the units digit of 37967?
7
What is the tens digit of 63?
6
What is the tens digit of 389?
8
What is the tens digit of 3525?
2
What is the hundreds digit of 41953?
9
What is the units digit of 865?
5
What is the hundreds digit of 872?
8
What is the units digit of 1790?
0
What is the units digit of 30277?
7
What is the tens digit of 1030?
3
What is the hundreds digit of 298?
2
What is the units digit of 79?
9
What is the thousands digit of 3655?
3
What is the hundreds digit of 19481?
4
What is the hundreds digit of 1495?
4
What is the thousands digit of 4762?
4
What is the thousands digit of 5870?
5
What is the units digit of 29385?
5
What is the thousands digit of 26355?
6
What is the units digit of 1167?
7
What is the tens digit of 4188?
8
What is the hundreds digit of 3442?
4
What is the units digit of 223?
3
What is the tens digit of 932?
3
What is the hundreds digit of 34250?
2
What is the tens digit of 1618?
1
What is the hundreds digit of 81421?
4
What is the units digit of 6519?
9
What is the tens digit of 12777?
7
What is the hundreds digit of 1497?
4
What is the hundreds digit of 4793?
7
What is the thousands digit of 1105?
1
What is the units digit of 49592?
2
What is the units digit of 988?
8
What is the tens digit of 9369?
6
What is the hundreds digit of 196?
1
What is the thousands digit of 2725?
2
What is the hundreds digit of 19259?
2
What is the hundreds digit of 8955?
9
What is the tens digit of 29450?
5
What is the units digit of 1469?
9
What is the hundreds digit of 3586?
5
What is the tens digit of 371?
7
What is the tens digit of 2548?
4
What is the tens digit o